e i(-5). Let f be j(a). Calculate the greatest common divisor of 54 and f.
6
Suppose 34 = -4*n + 154. Suppose -g + 6*g - 375 = 0. Calculate the highest common divisor of g and n.
15
Let x be (-2)/(-7) - (-3620)/(-28). Let t = x - -264. What is the highest common divisor of 15 and t?
15
Suppose -3*a + 3*g = 144, -2*a - 46 = -4*g + 58. Let d be 5*(-3)/(-15) + 124. Let i = d + a. What is the greatest common divisor of 9 and i?
9
Suppose 0 = -5*s + r + 292, 0*s = 2*s - 3*r - 122. What is the highest common factor of 145 and s?
29
Suppose 0 = 3*q - 3*b - 249, 0*b = 5*q - 3*b - 409. Let l be ((-27)/4)/((-6)/q). Calculate the greatest common divisor of l and 18.
18
Suppose c + 21 - 25 = 0. What is the greatest common factor of c and 1?
1
Let w(j) = -j**3 - 7*j**2 + 11. Let c be w(-7). Let p = 4 - 3. Let y be (-22)/(-1 + p/2). What is the greatest common divisor of c and y?
11
Let j be 50 - (-3)/(6/(-4)). What is the greatest common factor of 120 and j?
24
Let i(o) = -o**3 + 6*o**2 - 5*o + 9. Let q be i(5). What is the greatest common factor of q and 18?
9
Let s = 400 + -265. What is the greatest common divisor of s and 27?
27
Let u be 4/14 + 66/14. Let k = u + 12. Let o be (-118)/(-1 + 0) - -1. Calculate the highest common divisor of o and k.
17
Let a be (-42)/147 + (-32)/(-14). Let n = 7 + 15. What is the highest common factor of a and n?
2
Suppose 66 = n - 0. Suppose 0 = 2*s - n - 132. Suppose -4 = -3*f + 29. Calculate the greatest common factor of f and s.
11
Let z = 4 + -1. Suppose -4*b = 5*g + b - 110, z*b = 15. Calculate the greatest common divisor of 34 and g.
17
Let u(o) = o**2 - 5*o - 1. Let x be u(5). Let d be (4/(-6))/(x/6). What is the greatest common divisor of 10 and d?
2
Let h = 18 + 13. Suppose 3*i - h = -2*i - 3*l, 2*l + 1 = i. Calculate the greatest common factor of 25 and i.
5
Suppose -2*b - 2 = -8. What is the highest common factor of 3 and b?
3
Suppose -4*t + 4*z + 52 = 0, 2*t - 9 = 4*z + 7. Calculate the greatest common factor of 9 and t.
9
Let p(u) = -u**2 - 14*u - 1. Let h be p(-14). Let v(f) = -10*f**3 - f**2 - f. Let q be v(h). Calculate the greatest common divisor of q and 10.
10
Suppose v + 12 - 48 = 0. Let j be ((-5)/(-2))/(6/60). Suppose 3*w - 29 - j = 0. Calculate the greatest common divisor of w and v.
18
Let a = 948 - 563. Suppose 4*h - 6 - 18 = 0. Suppose h*g - g - a = 0. What is the greatest common divisor of 11 and g?
11
Let a = -52 + 78. What is the highest common factor of a and 286?
26
Suppose -2*i - 48 = 44. Let v = i + 65. Calculate the greatest common divisor of 19 and v.
19
Suppose -448 - 122 = -6*a. Calculate the highest common factor of a and 38.
19
Suppose u = 4*f + 3*u - 676, 3*f - 4*u = 529. Calculate the greatest common factor of 19 and f.
19
Let h be 13/3 - (-2)/(-6). Let i = h - 4. Let p be 12 + i - (-1 + 2). Calculate the greatest common divisor of p and 99.
11
Let o(w) = w - 3. Let d be o(11). Suppose 2*a - d = -2*a. Let u(h) = h + 1. Let s be u(1). Calculate the greatest common factor of a and s.
2
Let m = 3 - 5. Let b be (-85)/5 + 2/m. Let d be -2 + (b/(-3) - -3). Calculate the greatest common factor of 7 and d.
7
Suppose -3*n = 5*v + 22, 0 = 2*n - 0*n + 4*v + 18. Suppose 3*f - 10 = -n. Calculate the highest common factor of f and 3.
3
Let x(u) = u**2 + 7*u + 25. Let z be x(-8). What is the greatest common divisor of 132 and z?
33
Let v = 40 - 18. Let a = v + -12. Calculate the greatest common divisor of a and 110.
10
Let i be (-96)/10*(-11)/((-132)/(-40)). Calculate the greatest common factor of i and 224.
32
Let x be (-33 - -33) + -2*14/(-4). Calculate the greatest common divisor of 119 and x.
7
Let u be ((-2)/(-8))/((-4)/(-48)). What is the greatest common factor of 2 and u?
1
Let m(w) = 2*w + 32. Let q be m(-8). What is the greatest common factor of q and 8?
8
Let v(m) = m**3 - 11*m**2 + 44*m - 10. Let f be v(8). Calculate the highest common factor of f and 60.
30
Let r be ((-3)/(-2))/(1/2). Suppose -r*x + 149 + 67 = 0. Calculate the highest common factor of x and 9.
9
Let p = -4 - -9. Suppose -3*q + p*d = -9, -2 = -2*q + 4*d + 2. Suppose 4*s = c + 10, -q = -4*c + 5*s - s. Calculate the highest common divisor of 42 and c.
6
Let o = 0 + 30. Let z = -19 - -39. Calculate the highest common factor of o and z.
10
Let f(a) = -33*a. Let o be f(-3). What is the greatest common divisor of o and 9?
9
Let r be (0 - -2) + 151 - (-20)/10. Calculate the highest common factor of 31 and r.
31
Let y(w) = w**3 + 2. Let s be y(0). Let x = 2 + s. What is the greatest common factor of 16 and x?
4
Suppose 5*s + 27 = 3*c, -3*c + 5*c + 8 = -s. Let y(p) = 0*p**2 + 0*p**2 - p**2 - 11*p - 2. Let d be y(s). What is the greatest common divisor of d and 42?
14
Suppose 0 = 118*m - 115*m - 6. What is the highest common divisor of m and 11?
1
Let z(l) = -l**2 + 14*l - 13. Let i be z(12). Suppose 22 = 3*q - i. What is the greatest common divisor of 121 and q?
11
Suppose -m - 5 = 1. Let s(o) = o + 14. Let v be s(m). Calculate the highest common factor of v and 8.
8
Suppose 5*n = 4*p + 2*n - 46, 0 = -4*p - 3*n + 58. Suppose 3*c = 2*l + 20, -3*l + 4 + 5 = 2*c. Let f = 19 - c. Calculate the highest common factor of p and f.
13
Suppose -5*o - p + 146 = 0, 0 = o - 0*p - 4*p - 46. What is the highest common factor of o and 15?
15
Let k = -84 + 107. What is the greatest common factor of 161 and k?
23
Let t = -46 - -121. Suppose -t = -h - 4*h. Calculate the greatest common factor of 60 and h.
15
Let t(n) = -3*n + 3. Let q be t(-3). Let z be (4/(-10) + 2)*5. Calculate the greatest common factor of q and z.
4
Let c be 5 + (4 + -5)*-8. Suppose -4*r - 1367 = 3*j, -2*j + 6*j - 2*r + 1830 = 0. Let o be (-2)/7 - j/7. What is the highest common factor of c and o?
13
Suppose 4*g = -4*a - 0*a + 272, -58 = -g + a. Calculate the highest common divisor of 9 and g.
9
Suppose 3*j = -2*o + 184, 111 = 2*j - 5*o + 1. What is the greatest common factor of j and 20?
20
Let q = -53 + 89. What is the highest common factor of q and 24?
12
Let z(o) = 34*o + 4 - 9 + 6. Let l be z(1). Calculate the highest common factor of l and 5.
5
Let t be (-48)/(-3)*(8 + 0). Suppose -3*c + 151 = -5*a, -225 = -2*c - 3*c + 3*a. Let q = c - 26. What is the highest common factor of t and q?
16
Suppose -5*r = -r - 28. Let k be r/(-21) + (-596)/(-6). What is the highest common divisor of 9 and k?
9
Suppose 5*k - 6*k = -5. Suppose -2*o + 42 = 3*b, 2*o - 50 = k*b + 8. What is the highest common factor of 36 and o?
12
Suppose 4*k - 2*d - 2*d = 60, -4*d = -k + 30. Suppose -3*v + 5 = 11. Let c be (-1)/(-2)*v + 11. Calculate the greatest common factor of c and k.
10
Let o = -43 + 71. Calculate the highest common factor of 70 and o.
14
Let t be 5 + (-1)/(1/3). Let q(s) = 2*s - 15*s**3 + 16*s**3 - 8*s - 2 - 6*s**t + 0. Let k be q(7). What is the greatest common divisor of k and 10?
5
Let o(c) = -5*c**3 + c**2 + 4*c. Let z be (2/(-6))/((-5)/(-45)). Let l be o(z). Calculate the greatest common factor of 12 and l.
12
Let l be 5/(-5 + 0)*-13. What is the greatest common factor of l and 13?
13
Suppose g - 56 = -3*g. Calculate the greatest common factor of g and 21.
7
Let c = -14 - -10. Let z be (-24 - -3)/(6/c). Suppose -5*g + 6 = -k, -4*g = k - 1 - 11. Calculate the greatest common divisor of g and z.
2
Let c be 5/(-40) + 114/16. What is the highest common factor of 28 and c?
7
Let m = 186 - 87. What is the highest common divisor of 9 and m?
9
Let k(t) = -t**2 - 2. Let l be k(-2). Let p be (l/4)/1*-66. Suppose 2*j - 41 = -3*v, -5*v - 34 = -7*v - 3*j. What is the highest common divisor of v and p?
11
Let m = 17 + -13. Suppose -5*h - 24 = -d, -12 = -4*d - m*h + 3*h. Suppose 3*f = 58 + 50. Calculate the greatest common divisor of f and d.
4
Suppose 2*k + 26 = 4*b, 3*k + 29 = 4*b - 0*b. Let t = -3 - k. Suppose 0 = 3*r - t*r - 18. What is the greatest common divisor of r and 30?
6
Let i(h) = -h**2 - 9*h + 6. Let m be i(-9). Let l be (-4)/6 - (-2020)/m. Suppose 0*n + l = 4*n. Calculate the highest common factor of 12 and n.
12
Suppose -23 = -2*w + 17. Calculate the highest common divisor of 30 and w.
10
Let u(a) be the first derivative of 5*a**3/3 + 3*a**2/2 - 3*a - 9. Let p be u(-3). Calculate the greatest common divisor of p and 3.
3
Suppose -10*b - 68 = -14*b. Calculate the greatest commo